55.
11
What is the remainder when 573 is divided by 11?
1
Calculate the remainder when 1175 is divided by 582.
11
What is the remainder when 2009 is divided by 145?
124
What is the remainder when 1033 is divided by 508?
17
Calculate the remainder when 244 is divided by 129.
115
What is the remainder when 597 is divided by 33?
3
Calculate the remainder when 90 is divided by 31.
28
What is the remainder when 621 is divided by 18?
9
Calculate the remainder when 1959 is divided by 56.
55
What is the remainder when 96 is divided by 47?
2
What is the remainder when 123 is divided by 38?
9
Calculate the remainder when 104 is divided by 15.
14
Calculate the remainder when 374 is divided by 142.
90
What is the remainder when 404 is divided by 75?
29
What is the remainder when 1097 is divided by 38?
33
Calculate the remainder when 1970 is divided by 41.
2
Calculate the remainder when 796 is divided by 67.
59
What is the remainder when 64 is divided by 6?
4
Calculate the remainder when 91 is divided by 16.
11
Calculate the remainder when 292 is divided by 26.
6
What is the remainder when 481 is divided by 47?
11
Calculate the remainder when 2764 is divided by 139.
123
Calculate the remainder when 446 is divided by 162.
122
Calculate the remainder when 113 is divided by 72.
41
Calculate the remainder when 394 is divided by 67.
59
What is the remainder when 127 is divided by 22?
17
What is the remainder when 238 is divided by 86?
66
What is the remainder when 8343 is divided by 8?
7
Calculate the remainder when 605 is divided by 183.
56
Calculate the remainder when 2065 is divided by 148.
141
Calculate the remainder when 398 is divided by 174.
50
Calculate the remainder when 544 is divided by 123.
52
Calculate the remainder when 582 is divided by 73.
71
What is the remainder when 87 is divided by 15?
12
Calculate the remainder when 1583 is divided by 24.
23
Calculate the remainder when 107 is divided by 18.
17
Calculate the remainder when 20456 is divided by 6814.
14
What is the remainder when 2449 is divided by 11?
7
Calculate the remainder when 14258 is divided by 46.
44
Calculate the remainder when 89 is divided by 37.
15
What is the remainder when 10 is divided by 7?
3
Calculate the remainder when 475 is divided by 16.
11
Calculate the remainder when 1341 is divided by 14.
11
What is the remainder when 1426 is divided by 165?
106
What is the remainder when 96 is divided by 21?
12
What is the remainder when 464 is divided by 159?
146
Calculate the remainder when 377 is divided by 4.
1
Calculate the remainder when 2321 is divided by 101.
99
Calculate the remainder when 622 is divided by 16.
14
Calculate the remainder when 35502 is divided by 13.
12
Calculate the remainder when 1531 is divided by 255.
1
Calculate the remainder when 121 is divided by 32.
25
Calculate the remainder when 159 is divided by 29.
14
Calculate the remainder when 39 is divided by 34.
5
What is the remainder when 1185 is divided by 172?
153
What is the remainder when 258 is divided by 7?
6
What is the remainder when 1080 is divided by 47?
46
What is the remainder when 142 is divided by 49?
44
Calculate the remainder when 2206 is divided by 734.
4
Calculate the remainder when 568 is divided by 118.
96
What is the remainder when 12262 is divided by 21?
19
Calculate the remainder when 4621 is divided by 8.
5
Calculate the remainder when 279 is divided by 68.
7
What is the remainder when 2168 is divided by 433?
3
Calculate the remainder when 127 is divided by 34.
25
What is the remainder when 957 is divided by 48?
45
What is the remainder when 3083 is divided by 18?
5
What is the remainder when 113 is divided by 23?
21
Calculate the remainder when 204 is divided by 9.
6
Calculate the remainder when 4176 is divided by 44.
40
What is the remainder when 44 is divided by 25?
19
Calculate the remainder when 216 is divided by 191.
25
What is the remainder when 101 is divided by 17?
16
Calculate the remainder when 726 is divided by 13.
11
What is the remainder when 1156 is divided by 4?
0
What is the remainder when 3312 is divided by 15?
12
Calculate the remainder when 367 is divided by 16.
15
Calculate the remainder when 49540 is divided by 11.
7
Calculate the remainder when 80 is divided by 76.
4
What is the remainder when 895 is divided by 29?
25
What is the remainder when 150 is divided by 79?
71
What is the remainder when 1242 is divided by 249?
246
What is the remainder when 194 is divided by 44?
18
Calculate the remainder when 9 is divided by 9.
0
Calculate the remainder when 119 is divided by 35.
14
What is the remainder when 828 is divided by 400?
28
Calculate the remainder when 1832 is divided by 108.
104
What is the remainder when 230 is divided by 38?
2
What is the remainder when 206 is divided by 7?
3
Calculate the remainder when 457 is divided by 95.
77
Calculate the remainder when 163 is divided by 43.
34
Calculate the remainder when 106 is divided by 43.
20
Calculate the remainder when 148 is divided by 105.
43
Calculate the remainder when 8000 is divided by 138.
134
What is the remainder when 899 is divided by 75?
74
Calculate the remainder when 370 is divided by 62.
60
Calculate the remainder when 229 is divided by 12.
1
Calculate the remainder when 1039 is divided by 126.
31
What is the remainder when 1154 is divided by 91?
62
What is the remainder when 799 is divided by 163?
147
Calculate the remainder when 25 is divided by 10.
5
Calculate the remainder when 596 is divided by 148.
4
What is the remainder when 834 is divided by 103?
10
Calculate the remainder when 2337 is divided by 18.
15
Calculate the remainder when 257 is divided by 9.
5
Calculate the remainder when 81 is divided by 59.
22
What is the remainder when 487 is divided by 123?
118
What is the remainder when 1152 is divided by 99?
63
Calculate the remainder when 1016 is divided by 84.
8
What is the remainder when 1306 is divided by 10?
6
What is the remainder when 139 is divided by 21?
13
What is the remainder when 129 is divided by 12?
9
Calculate the remainder when 12369 is divided by 89.
87
What is the remainder when 238 is divided by 80?
78
What is the remainder when 272 is divided by 72?
56
Calculate the remainder when 205 is divided by 36.
25
What is the remainder when 2045 is divided by 33?
32
Calculate the remainder when 32 is divided by 17.
15
Calculate the remainder when 113 is divided by 29.
26
Calculate the remainder when 177 is divided by 56.
9
What is the remainder when 1184 is divided by 195?
14
What is the remainder when 27 is divided by 17?
10
Calculate the remainder when 2502 is divided by 48.
6
What is the remainder when 59 is divided by 9?
5
What is the remainder when 1122 is divided by 12?
6
What is the remainder when 91 is divided by 13?
0
What is the remainder when 21307 is divided by 96?
91
What is the remainder when 146 is divided by 76?
70
Calculate the remainder when 3344 is divided by 167.
4
Calculate the remainder when 320 is divided by 204.
116
Calculate the remainder when 2013 is divided by 119.
109
What is the remainder when 2927 is divided by 57?
20
What is the remainder when 73 is divided by 20?
13
What is the remainder when 169 is divided by 86?
83
What is the remainder when 104 is divided by 102?
2
Calculate the remainder when 2924 is divided by 45.
44
What is the remainder when 14796 is divided by 98?
96
What is the remainder when 750 is divided by 60?
30
What is the remainder when 6943 is divided by 124?
123
Calculate the remainder when 975 is divided by 195.
0
What is the remainder when 827 is divided by 167?
159
What is the remainder when 7081 is divided by 92?
89
Calculate the remainder when 975 is divided by 158.
27
What is the remainder when 552 is divided by 37?
34
Calculate the remainder when 2879 is divided by 59.
47
What is the remainder when 8168 is divided by 12?
8
Calculate the remainder when 464 is divided by 152.
8
What is the remainder when 36 is divided by 5?
1
What is the remainder when 233 is divided by 47?
45
Calculate the remainder when 302 is divided by 134.
34
Calculate the remainder when 236 is divided by 40.
36
Calculate the remainder when 172 is divided by 29.
27
Calculate the remainder when 128 is divided by 47.
34
What is the remainder when 